{"id":70,"date":"2019-09-28T19:16:34","date_gmt":"2019-09-28T22:16:34","guid":{"rendered":"https:\/\/batuirajacarei.com.br\/?page_id=70"},"modified":"2020-03-02T11:22:49","modified_gmt":"2020-03-02T14:22:49","slug":"23-03-18-mensagem","status":"publish","type":"page","link":"https:\/\/batuirajacarei.com.br\/index.php\/23-03-18-mensagem\/","title":{"rendered":"23\/03\/18 &#8211; Mensagem Batu\u00edra"},"content":{"rendered":"\n<p>Meus filhos queridos, que as b\u00ean\u00e7\u00e3os\ndo Mestre Amigo cubram as vossas vidas e iluminem os vossos caminhos.<\/p>\n\n\n\n<p>Tendes como Mestre a Jesus e\nproclamais costumeiramente: Senhor! Senhor!\u2026mas n\u00e3o realizais as Suas\norienta\u00e7\u00f5es e n\u00e3o viveis os Seus ensinamentos e, a qualquer contrariedade,\nreagis com viol\u00eancia, totalmente distantes dos caminhos do amor e da\ncompreens\u00e3o.<\/p>\n\n\n\n<p>No entanto, Jesus nos advertiu:<\/p>\n\n\n\n<p>\u2014 \u201cBem aventurados os mansos, porque\nherdar\u00e3o a Terra\u201d!<\/p>\n\n\n\n<p>\u2014 \u201cBem aventurados os pac\u00edficos,\nporque ser\u00e3o chamados filhos de Deus\u201d!<\/p>\n\n\n\n<p>Vivemos momentos dif\u00edceis no mundo em\ntransi\u00e7\u00e3o. Muitas vezes ficamos conscientes de que as for\u00e7as do Mal t\u00eam\nsobrepujado as for\u00e7as do Bem.<\/p>\n\n\n\n<p>Para que se reverta tal situa\u00e7\u00e3o \u00e9\npreciso que cada um, de vez, reverta em si mesmo os maus sentimentos em bons\nsentimentos.<\/p>\n\n\n\n<p>Fala-se tanto em higieniza\u00e7\u00e3o de\nambientes e o homem ainda n\u00e3o percebeu que precisa fazer em si mesmo essa\nfaxina moral, livrando-se da viol\u00eancia, da corrup\u00e7\u00e3o, da maldade e do grande\ndesejo de ter tudo para si e de engrandecer-se na vida, perante os outros\nhomens.<\/p>\n\n\n\n<p>Diante das situa\u00e7\u00f5es adversas, diante\nde pessoas envenenadoras de mentes e sentimentos, os algozes da harmonia e da\npaz dos outros, ele reage com agressividade f\u00edsica e moral, com impetuosidade,\nintoler\u00e2ncia e vulgaridade, poluindo o seu ambiente com pensamentos,\nsentimentos, palavras e atitudes e denegrindo-se tamb\u00e9m espiritualmente.<\/p>\n\n\n\n<p>O momento \u00e9 o de olhar para os outros\ncom olhos de bondade e de compreens\u00e3o, jamais usando a viol\u00eancia que a inveja e\nos ci\u00fames fazem crescer, alimentando a ira, o \u00f3dio e a maledic\u00eancia.<\/p>\n\n\n\n<p>Como vai o homem apaziguar o mundo,\nse n\u00e3o domina nem mesmo as suas emo\u00e7\u00f5es?<\/p>\n\n\n\n<p>Mas diz-se crist\u00e3o \u2013 seguidor de\nJesus, e n\u00e3o O tem como exemplo, Ele que foi manso e humilde de cora\u00e7\u00e3o.<\/p>\n\n\n\n<p>Des\u00e7a o homem do pedestal dourado e imerecido! Utilize o cajado da mansid\u00e3o e semeie a paz no pr\u00f3prio cora\u00e7\u00e3o, se quiser ser instrumento de Jesus, neste mundo de Deus! <\/p>\n","protected":false},"excerpt":{"rendered":"<p>Meus filhos queridos, que as b\u00ean\u00e7\u00e3os do Mestre Amigo cubram as vossas vidas e iluminem os vossos caminhos. Tendes como Mestre a Jesus e proclamais costumeiramente: Senhor! Senhor!\u2026mas n\u00e3o realizais as Suas orienta\u00e7\u00f5es e n\u00e3o viveis os Seus ensinamentos e, a qualquer contrariedade, reagis com viol\u00eancia, totalmente distantes dos caminhos do amor e da compreens\u00e3o. [&hellip;]<\/p>\n","protected":false},"author":1,"featured_media":0,"parent":0,"menu_order":0,"comment_status":"closed","ping_status":"closed","template":"elementor_header_footer","meta":{"zakra_page_container_layout":"customizer","zakra_page_sidebar_layout":"customizer","zakra_remove_content_margin":false,"zakra_sidebar":"customizer","zakra_transparent_header":"customizer","zakra_logo":0,"zakra_main_header_style":"default","zakra_menu_item_color":"","zakra_menu_item_hover_color":"","zakra_menu_item_active_color":"","zakra_menu_active_style":"","zakra_page_header":true,"footnotes":""},"class_list":["post-70","page","type-page","status-publish","hentry"],"_links":{"self":[{"href":"https:\/\/batuirajacarei.com.br\/index.php\/wp-json\/wp\/v2\/pages\/70","targetHints":{"allow":["GET"]}}],"collection":[{"href":"https:\/\/batuirajacarei.com.br\/index.php\/wp-json\/wp\/v2\/pages"}],"about":[{"href":"https:\/\/batuirajacarei.com.br\/index.php\/wp-json\/wp\/v2\/types\/page"}],"author":[{"embeddable":true,"href":"https:\/\/batuirajacarei.com.br\/index.php\/wp-json\/wp\/v2\/users\/1"}],"replies":[{"embeddable":true,"href":"https:\/\/batuirajacarei.com.br\/index.php\/wp-json\/wp\/v2\/comments?post=70"}],"version-history":[{"count":5,"href":"https:\/\/batuirajacarei.com.br\/index.php\/wp-json\/wp\/v2\/pages\/70\/revisions"}],"predecessor-version":[{"id":417,"href":"https:\/\/batuirajacarei.com.br\/index.php\/wp-json\/wp\/v2\/pages\/70\/revisions\/417"}],"wp:attachment":[{"href":"https:\/\/batuirajacarei.com.br\/index.php\/wp-json\/wp\/v2\/media?parent=70"}],"curies":[{"name":"wp","href":"https:\/\/api.w.org\/{rel}","templated":true}]}}