{"id":483,"date":"2020-03-16T10:52:36","date_gmt":"2020-03-16T13:52:36","guid":{"rendered":"https:\/\/batuirajacarei.com.br\/?page_id=483"},"modified":"2020-03-16T10:52:38","modified_gmt":"2020-03-16T13:52:38","slug":"11-01-20-mensagem-meimei","status":"publish","type":"page","link":"https:\/\/batuirajacarei.com.br\/index.php\/11-01-20-mensagem-meimei\/","title":{"rendered":"11\/01\/20 &#8211; Mensagem Meimei"},"content":{"rendered":"\n<p>\u201cPara e Pensa\u201d<\/p>\n\n\n\n<p>Olha, que mesmo quando as sombras descem sobre os c\u00e9us e a\nvida at\u00e9 parece perder o recanto e a gra\u00e7a, o amanh\u00e3 sempre trar\u00e1 o novo dia e\no sol haver\u00e1 de espargir a sua luz benfazeja e perceber\u00e1s que h\u00e1:<\/p>\n\n\n\n<p>. flores e beleza&#8230;<\/p>\n\n\n\n<p>. sinfonia de p\u00e1ssaros e azul do c\u00e9u&#8230;<\/p>\n\n\n\n<p>. o cantarolar das \u00e1guas das fontes&#8230;<\/p>\n\n\n\n<p>. e o verdor esplendoroso das matas aplacando o calor&#8230;<\/p>\n\n\n\n<p>. que h\u00e1 vida que brota em todos os cantos do Universo&#8230;<\/p>\n\n\n\n<p>. e que a felicidade est\u00e1 nas tuas m\u00e3os.<\/p>\n\n\n\n<p>Basta que vivas com entusiasmo, sem medo das sombras, com\ncoragem e alegria.<\/p>\n\n\n\n<p>Vive em plenitude a tua vida!<\/p>\n\n\n\n<p>S\u00ea bom de verdade!<\/p>\n\n\n\n<p>Segue o teu caminho amando e fazendo o bem!<\/p>\n","protected":false},"excerpt":{"rendered":"<p>\u201cPara e Pensa\u201d Olha, que mesmo quando as sombras descem sobre os c\u00e9us e a vida at\u00e9 parece perder o recanto e a gra\u00e7a, o amanh\u00e3 sempre trar\u00e1 o novo dia e o sol haver\u00e1 de espargir a sua luz benfazeja e perceber\u00e1s que h\u00e1: . flores e beleza&#8230; . sinfonia de p\u00e1ssaros e azul [&hellip;]<\/p>\n","protected":false},"author":1,"featured_media":0,"parent":0,"menu_order":0,"comment_status":"closed","ping_status":"closed","template":"","meta":{"zakra_page_container_layout":"customizer","zakra_page_sidebar_layout":"customizer","zakra_remove_content_margin":false,"zakra_sidebar":"customizer","zakra_transparent_header":"customizer","zakra_logo":0,"zakra_main_header_style":"default","zakra_menu_item_color":"","zakra_menu_item_hover_color":"","zakra_menu_item_active_color":"","zakra_menu_active_style":"","zakra_page_header":true,"footnotes":""},"class_list":["post-483","page","type-page","status-publish","hentry"],"_links":{"self":[{"href":"https:\/\/batuirajacarei.com.br\/index.php\/wp-json\/wp\/v2\/pages\/483","targetHints":{"allow":["GET"]}}],"collection":[{"href":"https:\/\/batuirajacarei.com.br\/index.php\/wp-json\/wp\/v2\/pages"}],"about":[{"href":"https:\/\/batuirajacarei.com.br\/index.php\/wp-json\/wp\/v2\/types\/page"}],"author":[{"embeddable":true,"href":"https:\/\/batuirajacarei.com.br\/index.php\/wp-json\/wp\/v2\/users\/1"}],"replies":[{"embeddable":true,"href":"https:\/\/batuirajacarei.com.br\/index.php\/wp-json\/wp\/v2\/comments?post=483"}],"version-history":[{"count":1,"href":"https:\/\/batuirajacarei.com.br\/index.php\/wp-json\/wp\/v2\/pages\/483\/revisions"}],"predecessor-version":[{"id":484,"href":"https:\/\/batuirajacarei.com.br\/index.php\/wp-json\/wp\/v2\/pages\/483\/revisions\/484"}],"wp:attachment":[{"href":"https:\/\/batuirajacarei.com.br\/index.php\/wp-json\/wp\/v2\/media?parent=483"}],"curies":[{"name":"wp","href":"https:\/\/api.w.org\/{rel}","templated":true}]}}